{"id":1858,"date":"2023-09-27T18:26:56","date_gmt":"2023-09-27T18:26:56","guid":{"rendered":"https:\/\/www.kvc-ul.cz\/?page_id=1858"},"modified":"2023-10-01T08:55:24","modified_gmt":"2023-10-01T08:55:24","slug":"pro-skoly","status":"publish","type":"page","link":"https:\/\/www.kvc-ul.cz\/index.php\/nabizime\/pro-skoly\/","title":{"rendered":"pro \u0161koly"},"content":{"rendered":"\t\t<div data-elementor-type=\"wp-page\" data-elementor-id=\"1858\" class=\"elementor elementor-1858\">\n\t\t\t\t\t\t<section class=\"elementor-section elementor-top-section elementor-element elementor-element-5826b7f elementor-section-boxed elementor-section-height-default elementor-section-height-default\" data-id=\"5826b7f\" data-element_type=\"section\" data-e-type=\"section\">\n\t\t\t\t\t\t<div class=\"elementor-container elementor-column-gap-default\">\n\t\t\t\t\t<div class=\"elementor-column elementor-col-100 elementor-top-column elementor-element elementor-element-49662b3\" data-id=\"49662b3\" data-element_type=\"column\" data-e-type=\"column\">\n\t\t\t<div class=\"elementor-widget-wrap elementor-element-populated\">\n\t\t\t\t\t\t<div class=\"elementor-element elementor-element-f6d9f5d elementor-widget elementor-widget-heading\" data-id=\"f6d9f5d\" data-element_type=\"widget\" data-e-type=\"widget\" data-widget_type=\"heading.default\">\n\t\t\t\t<div class=\"elementor-widget-container\">\n\t\t\t\t\t<h2 class=\"elementor-heading-title elementor-size-default\">PRO \u0160KOLY<\/h2>\t\t\t\t<\/div>\n\t\t\t\t<\/div>\n\t\t\t\t<div class=\"elementor-element elementor-element-090f161 elementor-widget elementor-widget-text-editor\" data-id=\"090f161\" data-element_type=\"widget\" data-e-type=\"widget\" data-widget_type=\"text-editor.default\">\n\t\t\t\t<div class=\"elementor-widget-container\">\n\t\t\t\t\t\t\t\t\t<h4><span style=\"color: #008080;\">Enkaustika pro \u0161koly<\/span><\/h4><h6>V\u00fdtvarn\u011b relaxa\u010dn\u00ed d\u00edlna pro \u0161koln\u00ed kolektivy a u\u010ditelsk\u00fd sbor<\/h6><p>Tato technika, star\u00e1 v\u00edce ne\u017e dva tis\u00edce let, zaj\u00edmav\u00fdm zp\u016fsobem o\u017eiv\u00ed hodiny v\u00fdtvarn\u00e9 v\u00fdchovy a z\u00e1rove\u0148 poslou\u017e\u00ed jako relaxa\u010dn\u00ed cvi\u010den\u00ed. <strong>Je vhodn\u00e1 pro d\u011bti od osmi let a dosp\u011bl\u00e9.<\/strong><\/p><p>Pr\u00e1ce se \u0161koln\u00edm kolektivem je koncipov\u00e1na jako blok dvou vyu\u010dovac\u00edch hodin, b\u011bhem n\u011bho\u017e jsou d\u011bti rozd\u011bleny do skupin a postupn\u011b se vyst\u0159\u00eddaj\u00ed u n\u00e1sleduj\u00edc\u00edch \u010dinnost\u00ed:<\/p><ul><li>malov\u00e1n\u00ed enkaustickou \u017eehli\u010dkou (nah\u0159\u00e1t\u00e1 maxim\u00e1ln\u011b na 80 stup\u0148\u016f)<\/li><li>v\u00fdroba p\u0159\u00e1n\u00ed a d\u00e1rkov\u00fdch visa\u010dek z enkaustick\u00fdch maleb<\/li><li>vytvo\u0159en\u00ed t\u0159\u00eddn\u00edho stromu za pomoc\u00ed enkaustick\u00e9 malby<\/li><\/ul><p>Cena 60 K\u010d\/\u017e\u00e1k zahrnuje zap\u016fj\u010den\u00ed \u017eehli\u010dek, speci\u00e1ln\u00ed enkaustick\u00fd pap\u00edr, vosky a dal\u0161\u00ed materi\u00e1l na tvo\u0159en\u00ed, lektorn\u00e9. Pro \u0161koly mimo \u00dast\u00ed nad Labem p\u0159ipo\u010d\u00edt\u00e1v\u00e1me n\u00e1klady na cestu dle ujet\u00fdch kilometr\u016f.<\/p><p>V p\u0159\u00edpad\u011b z\u00e1jmu lze p\u0159ipravit tuto relaxa\u010dn\u00ed tvo\u0159ivou d\u00edlnu i pro pedagogy v odpoledn\u00edch hodin\u00e1ch. Dle z\u00e1jmu a mo\u017enost\u00ed \u0161koly v d\u00e9lce 1 \u2013 2 vyu\u010dovac\u00edch hodin. Cena 100 K\u010d\/pedagog.<\/p><p>Pro bli\u017e\u0161\u00ed informace a objedn\u00e1n\u00ed kontaktujte pan\u00ed Mgr. Evu \u017deleznou \u2013 tel. 603 568 916 nebo e-mail zeleznaeva@kvc-ul.cz<\/p>\t\t\t\t\t\t\t\t<\/div>\n\t\t\t\t<\/div>\n\t\t\t\t<div class=\"elementor-element elementor-element-cf53c4e elementor-widget elementor-widget-html\" data-id=\"cf53c4e\" data-element_type=\"widget\" data-e-type=\"widget\" data-widget_type=\"html.default\">\n\t\t\t\t<div class=\"elementor-widget-container\">\n\t\t\t\t\t<div  id=\"jtg-1899\" class=\"modula modula-gallery modula-creative-gallery\" data-config=\"{&quot;height&quot;:800,&quot;tabletHeight&quot;:800,&quot;mobileHeight&quot;:800,&quot;desktopHeight&quot;:800,&quot;enableTwitter&quot;:false,&quot;enableWhatsapp&quot;:false,&quot;enableFacebook&quot;:false,&quot;enablePinterest&quot;:false,&quot;enableLinkedin&quot;:false,&quot;enableEmail&quot;:false,&quot;randomFactor&quot;:0,&quot;type&quot;:&quot;creative-gallery&quot;,&quot;columns&quot;:12,&quot;gutter&quot;:10,&quot;mobileGutter&quot;:10,&quot;tabletGutter&quot;:10,&quot;desktopGutter&quot;:10,&quot;enableResponsive&quot;:&quot;0&quot;,&quot;tabletColumns&quot;:&quot;2&quot;,&quot;mobileColumns&quot;:&quot;1&quot;,&quot;lazyLoad&quot;:0,&quot;lightboxOpts&quot;:{&quot;animated&quot;:true,&quot;Thumbs&quot;:{&quot;type&quot;:&quot;modern&quot;,&quot;showOnStart&quot;:false},&quot;Toolbar&quot;:{&quot;display&quot;:{&quot;right&quot;:[&quot;close&quot;]},&quot;enabled&quot;:true},&quot;Carousel&quot;:{&quot;Panzoom&quot;:{&quot;touch&quot;:true},&quot;infinite&quot;:false},&quot;keyboard&quot;:{&quot;Escape&quot;:&quot;close&quot;,&quot;Delete&quot;:&quot;close&quot;,&quot;Backspace&quot;:&quot;close&quot;,&quot;PageUp&quot;:false,&quot;PageDown&quot;:false,&quot;ArrowUp&quot;:false,&quot;ArrowDown&quot;:false,&quot;ArrowRight&quot;:false,&quot;ArrowLeft&quot;:false},&quot;touch&quot;:false,&quot;backdropClick&quot;:false,&quot;l10n&quot;:{&quot;CLOSE&quot;:&quot;Close&quot;,&quot;NEXT&quot;:&quot;Next&quot;,&quot;PREV&quot;:&quot;Previous&quot;,&quot;Error&quot;:&quot;The requested content cannot be loaded. Please try again later.&quot;,&quot;PLAY_START&quot;:&quot;Start slideshow&quot;,&quot;PLAY_STOP&quot;:&quot;Pause slideshow&quot;,&quot;FULL_SCREEN&quot;:&quot;Full screen&quot;,&quot;THUMBS&quot;:&quot;Thumbnails&quot;,&quot;DOWNLOAD&quot;:&quot;Download&quot;,&quot;SHARE&quot;:&quot;Share&quot;,&quot;ZOOM&quot;:&quot;Zoom&quot;,&quot;EMAIL&quot;:&quot;Here is the link to the image : %%image_link%% and this is the link to the gallery : %%gallery_link%%&quot;,&quot;MODAL&quot;:&quot;You can close this modal content with the ESC key&quot;,&quot;ERROR&quot;:&quot;Something Went Wrong, Please Try Again Later&quot;,&quot;IMAGE_ERROR&quot;:&quot;Image Not Found&quot;,&quot;ELEMENT_NOT_FOUND&quot;:&quot;HTML Element Not Found&quot;,&quot;AJAX_NOT_FOUND&quot;:&quot;Error Loading AJAX : Not Found&quot;,&quot;AJAX_FORBIDDEN&quot;:&quot;Error Loading AJAX : Forbidden&quot;,&quot;IFRAME_ERROR&quot;:&quot;Error Loading Page&quot;,&quot;TOGGLE_ZOOM&quot;:&quot;Toggle zoom level&quot;,&quot;TOGGLE_THUMBS&quot;:&quot;Toggle thumbnails&quot;,&quot;TOGGLE_SLIDESHOW&quot;:&quot;Toggle slideshow&quot;,&quot;TOGGLE_FULLSCREEN&quot;:&quot;Toggle full-screen mode&quot;},&quot;Images&quot;:{&quot;Panzoom&quot;:{&quot;maxScale&quot;:2}},&quot;mainClass&quot;:&quot;modula-fancybox-container modula-lightbox-jtg-1899&quot;,&quot;Html&quot;:{&quot;videoAutoplay&quot;:0,&quot;videoTpl&quot;:&quot;&lt;video class=\\&quot;fancybox__html5video\\&quot; controls muted playsinline controlsList controlsList=\\&quot;nodownload\\&quot; poster=\\&quot;{{poster}}\\&quot; src=\\&quot;{{src}}\\&quot; type=\\&quot;{{format}}\\&quot; &gt;  Sorry, your browser doesn&#039;t support embedded videos, &lt;a href=\\&quot;{{src}}\\&quot;&gt; download &lt;\\\/a&gt; and watch with your favorite video player! &lt;\\\/video&gt;&quot;}},&quot;inView&quot;:true,&quot;email_subject&quot;:&quot;Check out this awesome image !!&quot;,&quot;email_message&quot;:&quot;Here is the link to the image : %%image_link%% and this is the link to the gallery : %%gallery_link%%&quot;,&quot;lightbox&quot;:&quot;fancybox&quot;}\">\n\n\t\n\t<div  class=\"modula-items\">\n\t\t<div class=\"modula-item effect-pufrobo\" >\n\t<div class=\"modula-item-overlay\"><\/div>\n\n\t<div class=\"modula-item-content\">\n\n\t\t<a data-image-id=\"1896\" role=\"button\" data-elementor-open-lightbox=\"no\" tabindex=\"0\" rel=\"jtg-1899\" data-caption=\"\" aria-label=\"Open image in lightbox\" class=\"tile-inner modula-item-link\"><\/a><img fetchpriority=\"high\" decoding=\"async\" class=\"pic wp-image-1896\"  data-valign=\"middle\" data-halign=\"center\" alt=\"\" data-full=\"https:\/\/www.kvc-ul.cz\/wp-content\/uploads\/2023\/10\/IMG_20230911_104758.webp\" title=\"IMG_20230911_104758\" crop=\"\" width=\"923\" height=\"1024\" src=\"https:\/\/www.kvc-ul.cz\/wp-content\/uploads\/2023\/10\/IMG_20230911_104758-923x1024.webp\" data-src=\"https:\/\/www.kvc-ul.cz\/wp-content\/uploads\/2023\/10\/IMG_20230911_104758-923x1024.webp\" data-caption=\"\" srcset=\"https:\/\/www.kvc-ul.cz\/wp-content\/uploads\/2023\/10\/IMG_20230911_104758-scaled.webp 2306w, https:\/\/www.kvc-ul.cz\/wp-content\/uploads\/2023\/10\/IMG_20230911_104758-270x300.webp 270w, https:\/\/www.kvc-ul.cz\/wp-content\/uploads\/2023\/10\/IMG_20230911_104758-scaled-923x1024.webp 923w, https:\/\/www.kvc-ul.cz\/wp-content\/uploads\/2023\/10\/IMG_20230911_104758-768x852.webp 768w, https:\/\/www.kvc-ul.cz\/wp-content\/uploads\/2023\/10\/IMG_20230911_104758-1384x1536.webp 1384w, https:\/\/www.kvc-ul.cz\/wp-content\/uploads\/2023\/10\/IMG_20230911_104758-1845x2048.webp 1845w\" sizes=\"(max-width: 923px) 100vw, 923px\" \/>\n\t\t<div class=\"figc no-description\">\n\t\t\t<div class=\"figc-inner\">\n\t\t\t\t\t\t\t\t\t\t\t\t\t\t\t<\/div>\n\t\t<\/div>\n\n\t<\/div>\n\n<\/div><div class=\"modula-item effect-pufrobo\" >\n\t<div class=\"modula-item-overlay\"><\/div>\n\n\t<div class=\"modula-item-content\">\n\n\t\t<a data-image-id=\"1894\" role=\"button\" data-elementor-open-lightbox=\"no\" tabindex=\"0\" rel=\"jtg-1899\" data-caption=\"\" aria-label=\"Open image in lightbox\" class=\"tile-inner modula-item-link\"><\/a><img decoding=\"async\" class=\"pic wp-image-1894\"  data-valign=\"middle\" data-halign=\"center\" alt=\"\" data-full=\"https:\/\/www.kvc-ul.cz\/wp-content\/uploads\/2023\/10\/IMG_20230201_140646.webp\" title=\"IMG_20230201_140646\" crop=\"\" width=\"1024\" height=\"756\" src=\"https:\/\/www.kvc-ul.cz\/wp-content\/uploads\/2023\/10\/IMG_20230201_140646-1024x756.webp\" data-src=\"https:\/\/www.kvc-ul.cz\/wp-content\/uploads\/2023\/10\/IMG_20230201_140646-1024x756.webp\" data-caption=\"\" srcset=\"https:\/\/www.kvc-ul.cz\/wp-content\/uploads\/2023\/10\/IMG_20230201_140646-scaled.webp 2560w, https:\/\/www.kvc-ul.cz\/wp-content\/uploads\/2023\/10\/IMG_20230201_140646-300x222.webp 300w, https:\/\/www.kvc-ul.cz\/wp-content\/uploads\/2023\/10\/IMG_20230201_140646-scaled-1024x756.webp 1024w, https:\/\/www.kvc-ul.cz\/wp-content\/uploads\/2023\/10\/IMG_20230201_140646-768x567.webp 768w, https:\/\/www.kvc-ul.cz\/wp-content\/uploads\/2023\/10\/IMG_20230201_140646-1536x1134.webp 1536w, https:\/\/www.kvc-ul.cz\/wp-content\/uploads\/2023\/10\/IMG_20230201_140646-2048x1512.webp 2048w\" sizes=\"(max-width: 1024px) 100vw, 1024px\" \/>\n\t\t<div class=\"figc no-description\">\n\t\t\t<div class=\"figc-inner\">\n\t\t\t\t\t\t\t\t\t\t\t\t\t\t\t<\/div>\n\t\t<\/div>\n\n\t<\/div>\n\n<\/div><div class=\"modula-item effect-pufrobo\" >\n\t<div class=\"modula-item-overlay\"><\/div>\n\n\t<div class=\"modula-item-content\">\n\n\t\t<a data-image-id=\"1897\" role=\"button\" data-elementor-open-lightbox=\"no\" tabindex=\"0\" rel=\"jtg-1899\" data-caption=\"\" aria-label=\"Open image in lightbox\" class=\"tile-inner modula-item-link\"><\/a><img decoding=\"async\" class=\"pic wp-image-1897\"  data-valign=\"middle\" data-halign=\"center\" alt=\"\" data-full=\"https:\/\/www.kvc-ul.cz\/wp-content\/uploads\/2023\/10\/IMG_20230922_103157.webp\" title=\"IMG_20230922_103157\" crop=\"\" width=\"1024\" height=\"723\" src=\"https:\/\/www.kvc-ul.cz\/wp-content\/uploads\/2023\/10\/IMG_20230922_103157-1024x723.webp\" data-src=\"https:\/\/www.kvc-ul.cz\/wp-content\/uploads\/2023\/10\/IMG_20230922_103157-1024x723.webp\" data-caption=\"\" srcset=\"https:\/\/www.kvc-ul.cz\/wp-content\/uploads\/2023\/10\/IMG_20230922_103157-scaled.webp 2560w, https:\/\/www.kvc-ul.cz\/wp-content\/uploads\/2023\/10\/IMG_20230922_103157-300x212.webp 300w, https:\/\/www.kvc-ul.cz\/wp-content\/uploads\/2023\/10\/IMG_20230922_103157-scaled-1024x723.webp 1024w, https:\/\/www.kvc-ul.cz\/wp-content\/uploads\/2023\/10\/IMG_20230922_103157-768x542.webp 768w, https:\/\/www.kvc-ul.cz\/wp-content\/uploads\/2023\/10\/IMG_20230922_103157-1536x1085.webp 1536w, https:\/\/www.kvc-ul.cz\/wp-content\/uploads\/2023\/10\/IMG_20230922_103157-2048x1446.webp 2048w\" sizes=\"(max-width: 1024px) 100vw, 1024px\" \/>\n\t\t<div class=\"figc no-description\">\n\t\t\t<div class=\"figc-inner\">\n\t\t\t\t\t\t\t\t\t\t\t\t\t\t\t<\/div>\n\t\t<\/div>\n\n\t<\/div>\n\n<\/div><div class=\"modula-item effect-pufrobo\" >\n\t<div class=\"modula-item-overlay\"><\/div>\n\n\t<div class=\"modula-item-content\">\n\n\t\t<a data-image-id=\"1898\" role=\"button\" data-elementor-open-lightbox=\"no\" tabindex=\"0\" rel=\"jtg-1899\" data-caption=\"\" aria-label=\"Open image in lightbox\" class=\"tile-inner modula-item-link\"><\/a><img loading=\"lazy\" decoding=\"async\" class=\"pic wp-image-1898\"  data-valign=\"middle\" data-halign=\"center\" alt=\"\" data-full=\"https:\/\/www.kvc-ul.cz\/wp-content\/uploads\/2023\/10\/IMG_20230922_103254.webp\" title=\"IMG_20230922_103254\" crop=\"\" width=\"699\" height=\"1024\" src=\"https:\/\/www.kvc-ul.cz\/wp-content\/uploads\/2023\/10\/IMG_20230922_103254-699x1024.webp\" data-src=\"https:\/\/www.kvc-ul.cz\/wp-content\/uploads\/2023\/10\/IMG_20230922_103254-699x1024.webp\" data-caption=\"\" srcset=\"https:\/\/www.kvc-ul.cz\/wp-content\/uploads\/2023\/10\/IMG_20230922_103254-scaled.webp 1747w, https:\/\/www.kvc-ul.cz\/wp-content\/uploads\/2023\/10\/IMG_20230922_103254-205x300.webp 205w, https:\/\/www.kvc-ul.cz\/wp-content\/uploads\/2023\/10\/IMG_20230922_103254-scaled-699x1024.webp 699w, https:\/\/www.kvc-ul.cz\/wp-content\/uploads\/2023\/10\/IMG_20230922_103254-768x1125.webp 768w, https:\/\/www.kvc-ul.cz\/wp-content\/uploads\/2023\/10\/IMG_20230922_103254-1048x1536.webp 1048w, https:\/\/www.kvc-ul.cz\/wp-content\/uploads\/2023\/10\/IMG_20230922_103254-1398x2048.webp 1398w\" sizes=\"(max-width: 699px) 100vw, 699px\" \/>\n\t\t<div class=\"figc no-description\">\n\t\t\t<div class=\"figc-inner\">\n\t\t\t\t\t\t\t\t\t\t\t\t\t\t\t<\/div>\n\t\t<\/div>\n\n\t<\/div>\n\n<\/div><div class=\"modula-item effect-pufrobo\" >\n\t<div class=\"modula-item-overlay\"><\/div>\n\n\t<div class=\"modula-item-content\">\n\n\t\t<a data-image-id=\"1895\" role=\"button\" data-elementor-open-lightbox=\"no\" tabindex=\"0\" rel=\"jtg-1899\" data-caption=\"\" aria-label=\"Open image in lightbox\" class=\"tile-inner modula-item-link\"><\/a><img loading=\"lazy\" decoding=\"async\" class=\"pic wp-image-1895\"  data-valign=\"middle\" data-halign=\"center\" alt=\"\" data-full=\"https:\/\/www.kvc-ul.cz\/wp-content\/uploads\/2023\/10\/IMG_20230201_140704.webp\" title=\"IMG_20230201_140704\" crop=\"\" width=\"1024\" height=\"768\" src=\"https:\/\/www.kvc-ul.cz\/wp-content\/uploads\/2023\/10\/IMG_20230201_140704-1024x768.webp\" data-src=\"https:\/\/www.kvc-ul.cz\/wp-content\/uploads\/2023\/10\/IMG_20230201_140704-1024x768.webp\" data-caption=\"\" srcset=\"https:\/\/www.kvc-ul.cz\/wp-content\/uploads\/2023\/10\/IMG_20230201_140704-scaled.webp 2560w, https:\/\/www.kvc-ul.cz\/wp-content\/uploads\/2023\/10\/IMG_20230201_140704-300x225.webp 300w, https:\/\/www.kvc-ul.cz\/wp-content\/uploads\/2023\/10\/IMG_20230201_140704-scaled-1024x768.webp 1024w, https:\/\/www.kvc-ul.cz\/wp-content\/uploads\/2023\/10\/IMG_20230201_140704-768x576.webp 768w, https:\/\/www.kvc-ul.cz\/wp-content\/uploads\/2023\/10\/IMG_20230201_140704-1536x1152.webp 1536w, https:\/\/www.kvc-ul.cz\/wp-content\/uploads\/2023\/10\/IMG_20230201_140704-2048x1536.webp 2048w\" sizes=\"(max-width: 1024px) 100vw, 1024px\" \/>\n\t\t<div class=\"figc no-description\">\n\t\t\t<div class=\"figc-inner\">\n\t\t\t\t\t\t\t\t\t\t\t\t\t\t\t<\/div>\n\t\t<\/div>\n\n\t<\/div>\n\n<\/div>\t\t\n\t<\/div>\n\n\t\n\t\n\t<script type=\"application\/ld+json\">\n\t{\n\t\t\"@context\": \"http:\/\/schema.org\",\n\t\t\"@type\"   : \"ImageGallery\",\n\t\t\"id\"      : \"https:\/\/www.kvc-ul.cz\/index.php\/nabizime\/pro-skoly\/\",\n\t\t\"url\"     : \"https:\/\/www.kvc-ul.cz\/index.php\/nabizime\/pro-skoly\/\"\n\t}\n\n\t<\/script>\n\n\t\n<\/div>\n\t\t\t\t<\/div>\n\t\t\t\t<\/div>\n\t\t\t\t\t<\/div>\n\t\t<\/div>\n\t\t\t\t\t<\/div>\n\t\t<\/section>\n\t\t\t\t<section class=\"elementor-section elementor-top-section elementor-element elementor-element-c0d0402 elementor-section-boxed elementor-section-height-default elementor-section-height-default\" data-id=\"c0d0402\" data-element_type=\"section\" data-e-type=\"section\">\n\t\t\t\t\t\t<div class=\"elementor-container elementor-column-gap-default\">\n\t\t\t\t\t<div class=\"elementor-column elementor-col-100 elementor-top-column elementor-element elementor-element-3e5a648\" data-id=\"3e5a648\" data-element_type=\"column\" data-e-type=\"column\">\n\t\t\t<div class=\"elementor-widget-wrap elementor-element-populated\">\n\t\t\t\t\t\t<div class=\"elementor-element elementor-element-68175e7 elementor-widget-divider--view-line elementor-widget elementor-widget-divider\" data-id=\"68175e7\" data-element_type=\"widget\" data-e-type=\"widget\" data-widget_type=\"divider.default\">\n\t\t\t\t<div class=\"elementor-widget-container\">\n\t\t\t\t\t\t\t<div class=\"elementor-divider\">\n\t\t\t<span class=\"elementor-divider-separator\">\n\t\t\t\t\t\t<\/span>\n\t\t<\/div>\n\t\t\t\t\t\t<\/div>\n\t\t\t\t<\/div>\n\t\t\t\t\t<\/div>\n\t\t<\/div>\n\t\t\t\t\t<\/div>\n\t\t<\/section>\n\t\t\t\t<section class=\"elementor-section elementor-top-section elementor-element elementor-element-df5cd30 elementor-section-boxed elementor-section-height-default elementor-section-height-default\" data-id=\"df5cd30\" data-element_type=\"section\" data-e-type=\"section\">\n\t\t\t\t\t\t<div class=\"elementor-container elementor-column-gap-default\">\n\t\t\t\t\t<div class=\"elementor-column elementor-col-33 elementor-top-column elementor-element elementor-element-e1e2731\" data-id=\"e1e2731\" data-element_type=\"column\" data-e-type=\"column\">\n\t\t\t<div class=\"elementor-widget-wrap elementor-element-populated\">\n\t\t\t\t\t\t<div class=\"elementor-element elementor-element-097db60 elementor-align-right elementor-mobile-align-center e-transform elementor-widget elementor-widget-button\" data-id=\"097db60\" data-element_type=\"widget\" data-e-type=\"widget\" data-settings=\"{&quot;_transform_scale_effect_tablet&quot;:{&quot;unit&quot;:&quot;px&quot;,&quot;size&quot;:0.8000000000000000444089209850062616169452667236328125,&quot;sizes&quot;:[]},&quot;_transform_scale_effect_mobile&quot;:{&quot;unit&quot;:&quot;px&quot;,&quot;size&quot;:0.8000000000000000444089209850062616169452667236328125,&quot;sizes&quot;:[]},&quot;_transform_scale_effect&quot;:{&quot;unit&quot;:&quot;px&quot;,&quot;size&quot;:&quot;&quot;,&quot;sizes&quot;:[]}}\" data-widget_type=\"button.default\">\n\t\t\t\t<div class=\"elementor-widget-container\">\n\t\t\t\t\t\t\t\t\t<div class=\"elementor-button-wrapper\">\n\t\t\t\t\t<a class=\"elementor-button elementor-button-link elementor-size-xs\" href=\"https:\/\/www.kvc-ul.cz\/index.php\/nabizime\/tvorive-dilny\/\">\n\t\t\t\t\t\t<span class=\"elementor-button-content-wrapper\">\n\t\t\t\t\t\t<span class=\"elementor-button-icon\">\n\t\t\t\t<i aria-hidden=\"true\" class=\"fas fa-angle-left\"><\/i>\t\t\t<\/span>\n\t\t\t\t\t\t\t\t\t<span class=\"elementor-button-text\">tvo\u0159iv\u00e9 d\u00edlny<\/span>\n\t\t\t\t\t<\/span>\n\t\t\t\t\t<\/a>\n\t\t\t\t<\/div>\n\t\t\t\t\t\t\t\t<\/div>\n\t\t\t\t<\/div>\n\t\t\t\t\t<\/div>\n\t\t<\/div>\n\t\t\t\t<div class=\"elementor-column elementor-col-33 elementor-top-column elementor-element elementor-element-183242c\" data-id=\"183242c\" data-element_type=\"column\" data-e-type=\"column\">\n\t\t\t<div class=\"elementor-widget-wrap\">\n\t\t\t\t\t\t\t<\/div>\n\t\t<\/div>\n\t\t\t\t<div class=\"elementor-column elementor-col-33 elementor-top-column elementor-element elementor-element-130f04e\" data-id=\"130f04e\" data-element_type=\"column\" data-e-type=\"column\">\n\t\t\t<div class=\"elementor-widget-wrap elementor-element-populated\">\n\t\t\t\t\t\t<div class=\"elementor-element elementor-element-56ebd75 elementor-mobile-align-center e-transform elementor-widget elementor-widget-button\" data-id=\"56ebd75\" data-element_type=\"widget\" data-e-type=\"widget\" data-settings=\"{&quot;_transform_scale_effect_tablet&quot;:{&quot;unit&quot;:&quot;px&quot;,&quot;size&quot;:0.8000000000000000444089209850062616169452667236328125,&quot;sizes&quot;:[]},&quot;_transform_scale_effect_mobile&quot;:{&quot;unit&quot;:&quot;px&quot;,&quot;size&quot;:0.8000000000000000444089209850062616169452667236328125,&quot;sizes&quot;:[]},&quot;_transform_scale_effect&quot;:{&quot;unit&quot;:&quot;px&quot;,&quot;size&quot;:&quot;&quot;,&quot;sizes&quot;:[]}}\" data-widget_type=\"button.default\">\n\t\t\t\t<div class=\"elementor-widget-container\">\n\t\t\t\t\t\t\t\t\t<div class=\"elementor-button-wrapper\">\n\t\t\t\t\t<a class=\"elementor-button elementor-button-link elementor-size-xs\" href=\"https:\/\/www.kvc-ul.cz\/index.php\/nabizime\/priprava-na-prijimaci-zkousky\/\">\n\t\t\t\t\t\t<span class=\"elementor-button-content-wrapper\">\n\t\t\t\t\t\t<span class=\"elementor-button-icon\">\n\t\t\t\t<i aria-hidden=\"true\" class=\"fas fa-angle-right\"><\/i>\t\t\t<\/span>\n\t\t\t\t\t\t\t\t\t<span class=\"elementor-button-text\">p\u0159\u00edprava na p\u0159ij\u00edmac\u00ed zkou\u0161ky<\/span>\n\t\t\t\t\t<\/span>\n\t\t\t\t\t<\/a>\n\t\t\t\t<\/div>\n\t\t\t\t\t\t\t\t<\/div>\n\t\t\t\t<\/div>\n\t\t\t\t\t<\/div>\n\t\t<\/div>\n\t\t\t\t\t<\/div>\n\t\t<\/section>\n\t\t\t\t<\/div>\n\t\t","protected":false},"excerpt":{"rendered":"<p>PRO \u0160KOLY Enkaustika pro \u0161koly V\u00fdtvarn\u011b relaxa\u010dn\u00ed d\u00edlna pro \u0161koln\u00ed kolektivy a u\u010ditelsk\u00fd sbor Tato technika, star\u00e1 v\u00edce ne\u017e dva tis\u00edce let, zaj\u00edmav\u00fdm zp\u016fsobem o\u017eiv\u00ed hodiny v\u00fdtvarn\u00e9 v\u00fdchovy a z\u00e1rove\u0148&hellip;<\/p>\n","protected":false},"author":2,"featured_media":0,"parent":59,"menu_order":4,"comment_status":"closed","ping_status":"closed","template":"","meta":{"footnotes":""},"class_list":["post-1858","page","type-page","status-publish","hentry"],"_links":{"self":[{"href":"https:\/\/www.kvc-ul.cz\/index.php\/wp-json\/wp\/v2\/pages\/1858","targetHints":{"allow":["GET"]}}],"collection":[{"href":"https:\/\/www.kvc-ul.cz\/index.php\/wp-json\/wp\/v2\/pages"}],"about":[{"href":"https:\/\/www.kvc-ul.cz\/index.php\/wp-json\/wp\/v2\/types\/page"}],"author":[{"embeddable":true,"href":"https:\/\/www.kvc-ul.cz\/index.php\/wp-json\/wp\/v2\/users\/2"}],"replies":[{"embeddable":true,"href":"https:\/\/www.kvc-ul.cz\/index.php\/wp-json\/wp\/v2\/comments?post=1858"}],"version-history":[{"count":20,"href":"https:\/\/www.kvc-ul.cz\/index.php\/wp-json\/wp\/v2\/pages\/1858\/revisions"}],"predecessor-version":[{"id":1905,"href":"https:\/\/www.kvc-ul.cz\/index.php\/wp-json\/wp\/v2\/pages\/1858\/revisions\/1905"}],"up":[{"embeddable":true,"href":"https:\/\/www.kvc-ul.cz\/index.php\/wp-json\/wp\/v2\/pages\/59"}],"wp:attachment":[{"href":"https:\/\/www.kvc-ul.cz\/index.php\/wp-json\/wp\/v2\/media?parent=1858"}],"curies":[{"name":"wp","href":"https:\/\/api.w.org\/{rel}","templated":true}]}}