{"id":1323,"date":"2023-09-10T08:03:36","date_gmt":"2023-09-10T08:03:36","guid":{"rendered":"https:\/\/www.kvc-ul.cz\/?page_id=1323"},"modified":"2025-09-13T15:44:08","modified_gmt":"2025-09-13T15:44:08","slug":"priprava-na-prijimaci-zkousky","status":"publish","type":"page","link":"https:\/\/www.kvc-ul.cz\/index.php\/nabizime\/priprava-na-prijimaci-zkousky\/","title":{"rendered":"p\u0159\u00edprava na p\u0159ij\u00edmac\u00ed zkou\u0161ky"},"content":{"rendered":"\t\t<div data-elementor-type=\"wp-page\" data-elementor-id=\"1323\" class=\"elementor elementor-1323\">\n\t\t\t\t\t\t<section class=\"elementor-section elementor-top-section elementor-element elementor-element-125823a elementor-section-boxed elementor-section-height-default elementor-section-height-default\" data-id=\"125823a\" data-element_type=\"section\" data-e-type=\"section\">\n\t\t\t\t\t\t<div class=\"elementor-container elementor-column-gap-default\">\n\t\t\t\t\t<div class=\"elementor-column elementor-col-100 elementor-top-column elementor-element elementor-element-17c19c1\" data-id=\"17c19c1\" data-element_type=\"column\" data-e-type=\"column\">\n\t\t\t<div class=\"elementor-widget-wrap elementor-element-populated\">\n\t\t\t\t\t\t<div class=\"elementor-element elementor-element-5c526a1 elementor-widget elementor-widget-heading\" data-id=\"5c526a1\" data-element_type=\"widget\" data-e-type=\"widget\" data-widget_type=\"heading.default\">\n\t\t\t\t<div class=\"elementor-widget-container\">\n\t\t\t\t\t<h2 class=\"elementor-heading-title elementor-size-default\">P\u0158\u00cdPRAVA NA P\u0158IJ\u00cdMAC\u00cd ZKOU\u0160KY (2025\/2026)<\/h2>\t\t\t\t<\/div>\n\t\t\t\t<\/div>\n\t\t\t\t<div class=\"elementor-element elementor-element-4110831 elementor-widget elementor-widget-text-editor\" data-id=\"4110831\" data-element_type=\"widget\" data-e-type=\"widget\" data-widget_type=\"text-editor.default\">\n\t\t\t\t<div class=\"elementor-widget-container\">\n\t\t\t\t\t\t\t\t\t<h4><span style=\"color: #eb4a6b;\">P\u0159\u00edprava na p\u0159ij\u00edmac\u00ed zkou\u0161ky na S\u0160 z \u010cj a M<\/span><\/h4><p style=\"padding-left: 40px;\">Nab\u00edz\u00edme systematickou p\u0159\u00edpravu na jednotn\u00e9 p\u0159ij\u00edmac\u00ed zkou\u0161ky z \u010cJ a M. Sna\u017e\u00edme se p\u0159\u00edpravu co nejv\u00edce zam\u011b\u0159it na individu\u00e1ln\u00ed pot\u0159eby \u017e\u00e1k\u016f, proto je tak\u00e9 kapacita omezena na <em><strong>p\u011bt d\u011bt\u00ed<\/strong><\/em>.<\/p><p style=\"padding-left: 40px;\"><strong>Kurz obsahuje<\/strong><\/p><ul><li style=\"list-style-type: none;\"><ul><li>10 lekc\u00ed \u010cj v cen\u011b 2.400 K\u010d<\/li><li>10 lekc\u00ed M v cen\u011b 2.400 K\u010d<\/li><\/ul><\/li><\/ul><p style=\"padding-left: 40px;\">Sv\u00e9 d\u00edt\u011b m\u016f\u017eete p\u0159ihl\u00e1sit na jeden \u010di oba p\u0159edm\u011bty dle pot\u0159eby. P\u0159i zakoupen\u00ed obou \u010d\u00e1st\u00ed nab\u00edz\u00edme <strong>zv\u00fdhodn\u011bnou cenu 4.400 K\u010d<\/strong>. Platbu je mo\u017en\u00e9 prov\u00e9st jednor\u00e1zov\u011b \u010di ve dvou spl\u00e1tk\u00e1ch (prvn\u00ed \u010d\u00e1st p\u0159ed zah\u00e1jen\u00edm lekc\u00ed, druhou \u010d\u00e1st p\u0159ed n\u00e1stupem na \u0161estou lekci).<\/p><p style=\"padding-left: 40px;\"><strong>Term\u00edny<\/strong><\/p><ul><li style=\"list-style-type: none;\"><ul><li>\u010cj \u2013 pond\u011bl\u00ed v\u017edy od 15.30 do 16.15 hod.<\/li><li>M \u2013 pond\u011bl\u00ed od 16.25 do 17.10 hod. (Bude potvrzeno do konce z\u00e1\u0159\u00ed v z\u00e1vislosti na mo\u017enostech lektorky)<\/li><\/ul><\/li><\/ul><p style=\"padding-left: 40px;\">Term\u00edn zah\u00e1jen\u00ed p\u0159\u00edprav na p\u0159ij\u00edmac\u00ed zkou\u0161ky je ve \u010dtvrtek 12. 1. 2026. <span style=\"text-decoration: underline;\">V dob\u011b jarn\u00edch pr\u00e1zdnin se lekce nekon\u00e1<\/span>.<\/p><p style=\"padding-left: 40px;\">Pokud pro Va\u0161e d\u00edt\u011b preferujete sp\u00ed\u0161e <strong>individu\u00e1ln\u00ed p\u0159\u00edpravu<\/strong>, budeme se sna\u017eit V\u00e1m<br \/>vyj\u00edt vst\u0159\u00edc. Cena pak \u010din\u00ed 300 K\u010d \/ hodina.<\/p><h4><span style=\"color: #eb4a6b;\">Dou\u010dov\u00e1n\u00ed z Aj, p\u0159\u00edprava na roz\u0159azovac\u00ed testy na S\u0160<\/span><\/h4><p style=\"padding-left: 40px;\">Nab\u00edz\u00edme procvi\u010dov\u00e1n\u00ed slovn\u00ed z\u00e1soby a gramatiky, pomoc s jej\u00edm pochopen\u00edm a osvojen\u00edm si pravidel.<\/p><p style=\"padding-left: 40px;\"><strong>Cena za lekci:<\/strong> 400 K\u010d<br \/><strong>Term\u00edny<\/strong>: dle dohody s lektorkou<\/p>\t\t\t\t\t\t\t\t<\/div>\n\t\t\t\t<\/div>\n\t\t\t\t\t<\/div>\n\t\t<\/div>\n\t\t\t\t\t<\/div>\n\t\t<\/section>\n\t\t\t\t<section class=\"elementor-section elementor-top-section elementor-element elementor-element-59744bc elementor-section-boxed elementor-section-height-default elementor-section-height-default\" data-id=\"59744bc\" data-element_type=\"section\" data-e-type=\"section\">\n\t\t\t\t\t\t<div class=\"elementor-container elementor-column-gap-default\">\n\t\t\t\t\t<div class=\"elementor-column elementor-col-50 elementor-top-column elementor-element elementor-element-ad0cbed\" data-id=\"ad0cbed\" data-element_type=\"column\" data-e-type=\"column\">\n\t\t\t<div class=\"elementor-widget-wrap\">\n\t\t\t\t\t\t\t<\/div>\n\t\t<\/div>\n\t\t\t\t<div class=\"elementor-column elementor-col-50 elementor-top-column elementor-element elementor-element-f09ae0e\" data-id=\"f09ae0e\" data-element_type=\"column\" data-e-type=\"column\">\n\t\t\t<div class=\"elementor-widget-wrap elementor-element-populated\">\n\t\t\t\t\t\t<div class=\"elementor-element elementor-element-e24db8d e-transform e-transform elementor-widget elementor-widget-image\" data-id=\"e24db8d\" data-element_type=\"widget\" data-e-type=\"widget\" data-settings=\"{&quot;_transform_translateX_effect&quot;:{&quot;unit&quot;:&quot;px&quot;,&quot;size&quot;:0,&quot;sizes&quot;:[]},&quot;_transform_translateY_effect&quot;:{&quot;unit&quot;:&quot;px&quot;,&quot;size&quot;:-39,&quot;sizes&quot;:[]},&quot;_transform_flipX_effect&quot;:&quot;transform&quot;,&quot;_transform_translateX_effect_tablet&quot;:{&quot;unit&quot;:&quot;px&quot;,&quot;size&quot;:&quot;&quot;,&quot;sizes&quot;:[]},&quot;_transform_translateX_effect_mobile&quot;:{&quot;unit&quot;:&quot;px&quot;,&quot;size&quot;:&quot;&quot;,&quot;sizes&quot;:[]},&quot;_transform_translateY_effect_tablet&quot;:{&quot;unit&quot;:&quot;px&quot;,&quot;size&quot;:&quot;&quot;,&quot;sizes&quot;:[]},&quot;_transform_translateY_effect_mobile&quot;:{&quot;unit&quot;:&quot;px&quot;,&quot;size&quot;:&quot;&quot;,&quot;sizes&quot;:[]}}\" data-widget_type=\"image.default\">\n\t\t\t\t<div class=\"elementor-widget-container\">\n\t\t\t\t\t\t\t\t\t\t\t\t\t\t\t<img fetchpriority=\"high\" decoding=\"async\" width=\"188\" height=\"300\" src=\"https:\/\/www.kvc-ul.cz\/wp-content\/uploads\/2023\/09\/jarni-ptak-2-188x300.png\" class=\"attachment-medium size-medium wp-image-1431\" alt=\"\" srcset=\"https:\/\/www.kvc-ul.cz\/wp-content\/uploads\/2023\/09\/jarni-ptak-2-188x300.png 188w, https:\/\/www.kvc-ul.cz\/wp-content\/uploads\/2023\/09\/jarni-ptak-2-643x1024.png 643w, https:\/\/www.kvc-ul.cz\/wp-content\/uploads\/2023\/09\/jarni-ptak-2-768x1224.png 768w, https:\/\/www.kvc-ul.cz\/wp-content\/uploads\/2023\/09\/jarni-ptak-2-964x1536.png 964w, https:\/\/www.kvc-ul.cz\/wp-content\/uploads\/2023\/09\/jarni-ptak-2-1285x2048.png 1285w, https:\/\/www.kvc-ul.cz\/wp-content\/uploads\/2023\/09\/jarni-ptak-2.png 1377w\" sizes=\"(max-width: 188px) 100vw, 188px\" \/>\t\t\t\t\t\t\t\t\t\t\t\t\t\t\t<\/div>\n\t\t\t\t<\/div>\n\t\t\t\t\t<\/div>\n\t\t<\/div>\n\t\t\t\t\t<\/div>\n\t\t<\/section>\n\t\t\t\t<section class=\"elementor-section elementor-top-section elementor-element elementor-element-c452919 elementor-section-boxed elementor-section-height-default elementor-section-height-default\" data-id=\"c452919\" data-element_type=\"section\" data-e-type=\"section\">\n\t\t\t\t\t\t<div class=\"elementor-container elementor-column-gap-default\">\n\t\t\t\t\t<div class=\"elementor-column elementor-col-100 elementor-top-column elementor-element elementor-element-41ba154\" data-id=\"41ba154\" data-element_type=\"column\" data-e-type=\"column\">\n\t\t\t<div class=\"elementor-widget-wrap elementor-element-populated\">\n\t\t\t\t\t\t<div class=\"elementor-element elementor-element-acaece1 elementor-widget-divider--view-line elementor-widget elementor-widget-divider\" data-id=\"acaece1\" data-element_type=\"widget\" data-e-type=\"widget\" data-widget_type=\"divider.default\">\n\t\t\t\t<div class=\"elementor-widget-container\">\n\t\t\t\t\t\t\t<div class=\"elementor-divider\">\n\t\t\t<span class=\"elementor-divider-separator\">\n\t\t\t\t\t\t<\/span>\n\t\t<\/div>\n\t\t\t\t\t\t<\/div>\n\t\t\t\t<\/div>\n\t\t\t\t\t<\/div>\n\t\t<\/div>\n\t\t\t\t\t<\/div>\n\t\t<\/section>\n\t\t\t\t<section class=\"elementor-section elementor-top-section elementor-element elementor-element-d995424 elementor-section-boxed elementor-section-height-default elementor-section-height-default\" data-id=\"d995424\" data-element_type=\"section\" data-e-type=\"section\">\n\t\t\t\t\t\t<div class=\"elementor-container elementor-column-gap-default\">\n\t\t\t\t\t<div class=\"elementor-column elementor-col-33 elementor-top-column elementor-element elementor-element-b23dc42\" data-id=\"b23dc42\" data-element_type=\"column\" data-e-type=\"column\">\n\t\t\t<div class=\"elementor-widget-wrap elementor-element-populated\">\n\t\t\t\t\t\t<div class=\"elementor-element elementor-element-b8073b8 elementor-align-right elementor-mobile-align-center e-transform elementor-widget elementor-widget-button\" data-id=\"b8073b8\" data-element_type=\"widget\" data-e-type=\"widget\" data-settings=\"{&quot;_transform_scale_effect_tablet&quot;:{&quot;unit&quot;:&quot;px&quot;,&quot;size&quot;:0.8000000000000000444089209850062616169452667236328125,&quot;sizes&quot;:[]},&quot;_transform_scale_effect_mobile&quot;:{&quot;unit&quot;:&quot;px&quot;,&quot;size&quot;:0.8000000000000000444089209850062616169452667236328125,&quot;sizes&quot;:[]},&quot;_transform_scale_effect&quot;:{&quot;unit&quot;:&quot;px&quot;,&quot;size&quot;:&quot;&quot;,&quot;sizes&quot;:[]}}\" data-widget_type=\"button.default\">\n\t\t\t\t<div class=\"elementor-widget-container\">\n\t\t\t\t\t\t\t\t\t<div class=\"elementor-button-wrapper\">\n\t\t\t\t\t<a class=\"elementor-button elementor-button-link elementor-size-xs\" href=\"https:\/\/www.kvc-ul.cz\/index.php\/nabizime\/pro-skoly\/\">\n\t\t\t\t\t\t<span class=\"elementor-button-content-wrapper\">\n\t\t\t\t\t\t<span class=\"elementor-button-icon\">\n\t\t\t\t<i aria-hidden=\"true\" class=\"fas fa-angle-left\"><\/i>\t\t\t<\/span>\n\t\t\t\t\t\t\t\t\t<span class=\"elementor-button-text\">pro \u0161koly<\/span>\n\t\t\t\t\t<\/span>\n\t\t\t\t\t<\/a>\n\t\t\t\t<\/div>\n\t\t\t\t\t\t\t\t<\/div>\n\t\t\t\t<\/div>\n\t\t\t\t\t<\/div>\n\t\t<\/div>\n\t\t\t\t<div class=\"elementor-column elementor-col-33 elementor-top-column elementor-element elementor-element-035f789\" data-id=\"035f789\" data-element_type=\"column\" data-e-type=\"column\">\n\t\t\t<div class=\"elementor-widget-wrap\">\n\t\t\t\t\t\t\t<\/div>\n\t\t<\/div>\n\t\t\t\t<div class=\"elementor-column elementor-col-33 elementor-top-column elementor-element elementor-element-7ee5dfd\" data-id=\"7ee5dfd\" data-element_type=\"column\" data-e-type=\"column\">\n\t\t\t<div class=\"elementor-widget-wrap elementor-element-populated\">\n\t\t\t\t\t\t<div class=\"elementor-element elementor-element-32aa27c elementor-mobile-align-center e-transform elementor-widget elementor-widget-button\" data-id=\"32aa27c\" data-element_type=\"widget\" data-e-type=\"widget\" data-settings=\"{&quot;_transform_scale_effect_tablet&quot;:{&quot;unit&quot;:&quot;px&quot;,&quot;size&quot;:0.8000000000000000444089209850062616169452667236328125,&quot;sizes&quot;:[]},&quot;_transform_scale_effect_mobile&quot;:{&quot;unit&quot;:&quot;px&quot;,&quot;size&quot;:0.8000000000000000444089209850062616169452667236328125,&quot;sizes&quot;:[]},&quot;_transform_scale_effect&quot;:{&quot;unit&quot;:&quot;px&quot;,&quot;size&quot;:&quot;&quot;,&quot;sizes&quot;:[]}}\" data-widget_type=\"button.default\">\n\t\t\t\t<div class=\"elementor-widget-container\">\n\t\t\t\t\t\t\t\t\t<div class=\"elementor-button-wrapper\">\n\t\t\t\t\t<a class=\"elementor-button elementor-button-link elementor-size-xs\" href=\"https:\/\/www.pisemespravne.cz\/\" target=\"_blank\">\n\t\t\t\t\t\t<span class=\"elementor-button-content-wrapper\">\n\t\t\t\t\t\t<span class=\"elementor-button-icon\">\n\t\t\t\t<i aria-hidden=\"true\" class=\"fas fa-external-link-alt\"><\/i>\t\t\t<\/span>\n\t\t\t\t\t\t\t\t\t<span class=\"elementor-button-text\">korektury text\u016f<\/span>\n\t\t\t\t\t<\/span>\n\t\t\t\t\t<\/a>\n\t\t\t\t<\/div>\n\t\t\t\t\t\t\t\t<\/div>\n\t\t\t\t<\/div>\n\t\t\t\t\t<\/div>\n\t\t<\/div>\n\t\t\t\t\t<\/div>\n\t\t<\/section>\n\t\t\t\t<\/div>\n\t\t","protected":false},"excerpt":{"rendered":"<p>P\u0158\u00cdPRAVA NA P\u0158IJ\u00cdMAC\u00cd ZKOU\u0160KY (2025\/2026) P\u0159\u00edprava na p\u0159ij\u00edmac\u00ed zkou\u0161ky na S\u0160 z \u010cj a M Nab\u00edz\u00edme systematickou p\u0159\u00edpravu na jednotn\u00e9 p\u0159ij\u00edmac\u00ed zkou\u0161ky z \u010cJ a M. Sna\u017e\u00edme se p\u0159\u00edpravu co&hellip;<\/p>\n","protected":false},"author":2,"featured_media":0,"parent":59,"menu_order":5,"comment_status":"closed","ping_status":"closed","template":"","meta":{"footnotes":""},"class_list":["post-1323","page","type-page","status-publish","hentry"],"_links":{"self":[{"href":"https:\/\/www.kvc-ul.cz\/index.php\/wp-json\/wp\/v2\/pages\/1323","targetHints":{"allow":["GET"]}}],"collection":[{"href":"https:\/\/www.kvc-ul.cz\/index.php\/wp-json\/wp\/v2\/pages"}],"about":[{"href":"https:\/\/www.kvc-ul.cz\/index.php\/wp-json\/wp\/v2\/types\/page"}],"author":[{"embeddable":true,"href":"https:\/\/www.kvc-ul.cz\/index.php\/wp-json\/wp\/v2\/users\/2"}],"replies":[{"embeddable":true,"href":"https:\/\/www.kvc-ul.cz\/index.php\/wp-json\/wp\/v2\/comments?post=1323"}],"version-history":[{"count":32,"href":"https:\/\/www.kvc-ul.cz\/index.php\/wp-json\/wp\/v2\/pages\/1323\/revisions"}],"predecessor-version":[{"id":2437,"href":"https:\/\/www.kvc-ul.cz\/index.php\/wp-json\/wp\/v2\/pages\/1323\/revisions\/2437"}],"up":[{"embeddable":true,"href":"https:\/\/www.kvc-ul.cz\/index.php\/wp-json\/wp\/v2\/pages\/59"}],"wp:attachment":[{"href":"https:\/\/www.kvc-ul.cz\/index.php\/wp-json\/wp\/v2\/media?parent=1323"}],"curies":[{"name":"wp","href":"https:\/\/api.w.org\/{rel}","templated":true}]}}