{"id":1286,"date":"2023-09-10T07:31:07","date_gmt":"2023-09-10T07:31:07","guid":{"rendered":"https:\/\/www.kvc-ul.cz\/?page_id=1286"},"modified":"2026-04-08T17:55:20","modified_gmt":"2026-04-08T17:55:20","slug":"tvorive-dilny","status":"publish","type":"page","link":"https:\/\/www.kvc-ul.cz\/index.php\/nabizime\/tvorive-dilny\/","title":{"rendered":"tvo\u0159iv\u00e9 d\u00edlny"},"content":{"rendered":"\t\t<div data-elementor-type=\"wp-page\" data-elementor-id=\"1286\" class=\"elementor elementor-1286\">\n\t\t\t\t\t\t<section class=\"elementor-section elementor-top-section elementor-element elementor-element-dc2945f elementor-section-boxed elementor-section-height-default elementor-section-height-default\" data-id=\"dc2945f\" data-element_type=\"section\" data-e-type=\"section\">\n\t\t\t\t\t\t<div class=\"elementor-container elementor-column-gap-default\">\n\t\t\t\t\t<div class=\"elementor-column elementor-col-100 elementor-top-column elementor-element elementor-element-0262323\" data-id=\"0262323\" data-element_type=\"column\" data-e-type=\"column\">\n\t\t\t<div class=\"elementor-widget-wrap elementor-element-populated\">\n\t\t\t\t\t\t<div class=\"elementor-element elementor-element-24e499f elementor-widget elementor-widget-heading\" data-id=\"24e499f\" data-element_type=\"widget\" data-e-type=\"widget\" data-widget_type=\"heading.default\">\n\t\t\t\t<div class=\"elementor-widget-container\">\n\t\t\t\t\t<h2 class=\"elementor-heading-title elementor-size-default\">TVO\u0158IV\u00c9 D\u00cdLNY<\/h2>\t\t\t\t<\/div>\n\t\t\t\t<\/div>\n\t\t\t\t<div class=\"elementor-element elementor-element-3ee83c3 elementor-widget elementor-widget-text-editor\" data-id=\"3ee83c3\" data-element_type=\"widget\" data-e-type=\"widget\" data-widget_type=\"text-editor.default\">\n\t\t\t\t<div class=\"elementor-widget-container\">\n\t\t\t\t\t\t\t\t\t<p align=\"justify\">Pro mal\u00e9 i velk\u00e9 milovn\u00edky tvo\u0159iv\u00fdch aktivit p\u0159ipravuje centrum Hn\u00edzdo pravideln\u00e1 v\u00edkendov\u00e1 tvo\u0159en\u00ed. Ka\u017ed\u00e9 dopoledne je v\u011bnovan\u00e9 jedn\u00e9\u00a0tradi\u010dn\u00ed nebo m\u00e9n\u011b zn\u00e1m\u00e9 v\u00fdtvarn\u00e9 technice, n\u00e1v\u0161t\u011bvn\u00edci si vyrob\u00ed n\u011bco zaj\u00edmav\u00e9ho a \u010das str\u00e1ven\u00fd u n\u00e1s v\u017edy vyu\u017eij\u00ed tak\u00e9 k\u00a0relaxaci a pop\u00edjen\u00ed \u010daje \u010di k\u00e1vy. K\u00a0vyzkou\u0161en\u00ed byla ji\u017e enkaustika (malba rozeh\u0159\u00e1t\u00fdm voskem), kor\u00e1lkov\u00e1n\u00ed, malba kam\u00ednk\u016f, tematick\u00e9 podzimn\u00ed, v\u00e1no\u010dn\u00ed \u010di jarn\u00ed tvo\u0159en\u00ed a dal\u0161\u00ed. Pro n\u00e1sleduj\u00edc\u00ed obdob\u00ed je p\u0159ipraveno nap\u0159. grav\u00edrov\u00e1n\u00ed, linoryt, pr\u00e1ce s\u00a0epoxidovou prysky\u0159ic\u00ed a dal\u0161\u00ed.<br \/><br \/><\/p><p><b>Tvo\u0159en\u00ed na m\u00edru<\/b> \u2013 pokud V\u00e1s n\u011bkter\u00e1 z technik zaujala a p\u0159\u00e1li byste si ji vyzkou\u0161et i se sv\u00fdmi kolegy, vyjdeme V\u00e1m maxim\u00e1ln\u011b vst\u0159\u00edc<\/p><ul><li>d\u00edlny lze p\u0159ipravit i pro \u0161koln\u00ed a jin\u00e9 kolektivy v prostor\u00e1ch Hn\u00edzda nebo na Va\u0161em pracovi\u0161ti\/\u0161kole<\/li><\/ul>\t\t\t\t\t\t\t\t<\/div>\n\t\t\t\t<\/div>\n\t\t\t\t\t<\/div>\n\t\t<\/div>\n\t\t\t\t\t<\/div>\n\t\t<\/section>\n\t\t\t\t<section class=\"elementor-section elementor-top-section elementor-element elementor-element-b53fb85 elementor-section-boxed elementor-section-height-default elementor-section-height-default\" data-id=\"b53fb85\" data-element_type=\"section\" data-e-type=\"section\">\n\t\t\t\t\t\t<div class=\"elementor-container elementor-column-gap-default\">\n\t\t\t\t\t<div class=\"elementor-column elementor-col-33 elementor-top-column elementor-element elementor-element-f456c4f\" data-id=\"f456c4f\" data-element_type=\"column\" data-e-type=\"column\">\n\t\t\t<div class=\"elementor-widget-wrap\">\n\t\t\t\t\t\t\t<\/div>\n\t\t<\/div>\n\t\t\t\t<div class=\"elementor-column elementor-col-33 elementor-top-column elementor-element elementor-element-4bba6d7\" data-id=\"4bba6d7\" data-element_type=\"column\" data-e-type=\"column\">\n\t\t\t<div class=\"elementor-widget-wrap elementor-element-populated\">\n\t\t\t\t\t\t<div class=\"elementor-element elementor-element-0df828e elementor-widget elementor-widget-image\" data-id=\"0df828e\" data-element_type=\"widget\" data-e-type=\"widget\" data-widget_type=\"image.default\">\n\t\t\t\t<div class=\"elementor-widget-container\">\n\t\t\t\t\t\t\t\t\t\t\t\t\t\t\t\t<a href=\"https:\/\/www.kvc-ul.cz\/wp-content\/uploads\/2026\/04\/2026-04-18-mydla.webp\" data-elementor-open-lightbox=\"yes\" data-elementor-lightbox-title=\"2026-04-18-mydla\" data-e-action-hash=\"#elementor-action%3Aaction%3Dlightbox%26settings%3DeyJpZCI6MjU0MywidXJsIjoiaHR0cHM6XC9cL3d3dy5rdmMtdWwuY3pcL3dwLWNvbnRlbnRcL3VwbG9hZHNcLzIwMjZcLzA0XC8yMDI2LTA0LTE4LW15ZGxhLndlYnAifQ%3D%3D\">\n\t\t\t\t\t\t\t<img fetchpriority=\"high\" decoding=\"async\" width=\"768\" height=\"1090\" src=\"https:\/\/www.kvc-ul.cz\/wp-content\/uploads\/2026\/04\/2026-04-18-mydla-768x1090.webp\" class=\"attachment-medium_large size-medium_large wp-image-2543\" alt=\"\" srcset=\"https:\/\/www.kvc-ul.cz\/wp-content\/uploads\/2026\/04\/2026-04-18-mydla-768x1090.webp 768w, https:\/\/www.kvc-ul.cz\/wp-content\/uploads\/2026\/04\/2026-04-18-mydla-211x300.webp 211w, https:\/\/www.kvc-ul.cz\/wp-content\/uploads\/2026\/04\/2026-04-18-mydla-722x1024.webp 722w, https:\/\/www.kvc-ul.cz\/wp-content\/uploads\/2026\/04\/2026-04-18-mydla-1083x1536.webp 1083w, https:\/\/www.kvc-ul.cz\/wp-content\/uploads\/2026\/04\/2026-04-18-mydla-1444x2048.webp 1444w, https:\/\/www.kvc-ul.cz\/wp-content\/uploads\/2026\/04\/2026-04-18-mydla.webp 1748w\" sizes=\"(max-width: 768px) 100vw, 768px\" \/>\t\t\t\t\t\t\t\t<\/a>\n\t\t\t\t\t\t\t\t\t\t\t\t\t\t\t<\/div>\n\t\t\t\t<\/div>\n\t\t\t\t\t<\/div>\n\t\t<\/div>\n\t\t\t\t<div class=\"elementor-column elementor-col-33 elementor-top-column elementor-element elementor-element-c866cf5\" data-id=\"c866cf5\" data-element_type=\"column\" data-e-type=\"column\">\n\t\t\t<div class=\"elementor-widget-wrap\">\n\t\t\t\t\t\t\t<\/div>\n\t\t<\/div>\n\t\t\t\t\t<\/div>\n\t\t<\/section>\n\t\t\t\t<section class=\"elementor-section elementor-top-section elementor-element elementor-element-dee9c66 elementor-section-boxed elementor-section-height-default elementor-section-height-default\" data-id=\"dee9c66\" data-element_type=\"section\" data-e-type=\"section\">\n\t\t\t\t\t\t<div class=\"elementor-container elementor-column-gap-default\">\n\t\t\t\t\t<div class=\"elementor-column elementor-col-100 elementor-top-column elementor-element elementor-element-ce21107\" data-id=\"ce21107\" data-element_type=\"column\" data-e-type=\"column\">\n\t\t\t<div class=\"elementor-widget-wrap elementor-element-populated\">\n\t\t\t\t\t\t<div class=\"elementor-element elementor-element-2135a80 elementor-widget-divider--view-line elementor-widget elementor-widget-divider\" data-id=\"2135a80\" data-element_type=\"widget\" data-e-type=\"widget\" data-widget_type=\"divider.default\">\n\t\t\t\t<div class=\"elementor-widget-container\">\n\t\t\t\t\t\t\t<div class=\"elementor-divider\">\n\t\t\t<span class=\"elementor-divider-separator\">\n\t\t\t\t\t\t<\/span>\n\t\t<\/div>\n\t\t\t\t\t\t<\/div>\n\t\t\t\t<\/div>\n\t\t\t\t\t<\/div>\n\t\t<\/div>\n\t\t\t\t\t<\/div>\n\t\t<\/section>\n\t\t\t\t<section class=\"elementor-section elementor-top-section elementor-element elementor-element-6b22143 elementor-section-boxed elementor-section-height-default elementor-section-height-default\" data-id=\"6b22143\" data-element_type=\"section\" data-e-type=\"section\">\n\t\t\t\t\t\t<div class=\"elementor-container elementor-column-gap-default\">\n\t\t\t\t\t<div class=\"elementor-column elementor-col-33 elementor-top-column elementor-element elementor-element-edb5f34\" data-id=\"edb5f34\" data-element_type=\"column\" data-e-type=\"column\">\n\t\t\t<div class=\"elementor-widget-wrap elementor-element-populated\">\n\t\t\t\t\t\t<div class=\"elementor-element elementor-element-5f41bb9 elementor-align-right elementor-mobile-align-center e-transform elementor-widget elementor-widget-button\" data-id=\"5f41bb9\" data-element_type=\"widget\" data-e-type=\"widget\" data-settings=\"{&quot;_transform_scale_effect_tablet&quot;:{&quot;unit&quot;:&quot;px&quot;,&quot;size&quot;:0.8000000000000000444089209850062616169452667236328125,&quot;sizes&quot;:[]},&quot;_transform_scale_effect_mobile&quot;:{&quot;unit&quot;:&quot;px&quot;,&quot;size&quot;:0.8000000000000000444089209850062616169452667236328125,&quot;sizes&quot;:[]},&quot;_transform_scale_effect&quot;:{&quot;unit&quot;:&quot;px&quot;,&quot;size&quot;:&quot;&quot;,&quot;sizes&quot;:[]}}\" data-widget_type=\"button.default\">\n\t\t\t\t<div class=\"elementor-widget-container\">\n\t\t\t\t\t\t\t\t\t<div class=\"elementor-button-wrapper\">\n\t\t\t\t\t<a class=\"elementor-button elementor-button-link elementor-size-xs\" href=\"https:\/\/www.kvc-ul.cz\/index.php\/nabizime\/primestske-tabory\/\">\n\t\t\t\t\t\t<span class=\"elementor-button-content-wrapper\">\n\t\t\t\t\t\t<span class=\"elementor-button-icon\">\n\t\t\t\t<i aria-hidden=\"true\" class=\"fas fa-angle-left\"><\/i>\t\t\t<\/span>\n\t\t\t\t\t\t\t\t\t<span class=\"elementor-button-text\">p\u0159\u00edm\u011bstsk\u00e9 t\u00e1bory<\/span>\n\t\t\t\t\t<\/span>\n\t\t\t\t\t<\/a>\n\t\t\t\t<\/div>\n\t\t\t\t\t\t\t\t<\/div>\n\t\t\t\t<\/div>\n\t\t\t\t\t<\/div>\n\t\t<\/div>\n\t\t\t\t<div class=\"elementor-column elementor-col-33 elementor-top-column elementor-element elementor-element-1722355\" data-id=\"1722355\" data-element_type=\"column\" data-e-type=\"column\">\n\t\t\t<div class=\"elementor-widget-wrap\">\n\t\t\t\t\t\t\t<\/div>\n\t\t<\/div>\n\t\t\t\t<div class=\"elementor-column elementor-col-33 elementor-top-column elementor-element elementor-element-f1c39bf\" data-id=\"f1c39bf\" data-element_type=\"column\" data-e-type=\"column\">\n\t\t\t<div class=\"elementor-widget-wrap elementor-element-populated\">\n\t\t\t\t\t\t<div class=\"elementor-element elementor-element-725b731 elementor-mobile-align-center e-transform elementor-widget elementor-widget-button\" data-id=\"725b731\" data-element_type=\"widget\" data-e-type=\"widget\" data-settings=\"{&quot;_transform_scale_effect_tablet&quot;:{&quot;unit&quot;:&quot;px&quot;,&quot;size&quot;:0.8000000000000000444089209850062616169452667236328125,&quot;sizes&quot;:[]},&quot;_transform_scale_effect_mobile&quot;:{&quot;unit&quot;:&quot;px&quot;,&quot;size&quot;:0.8000000000000000444089209850062616169452667236328125,&quot;sizes&quot;:[]},&quot;_transform_scale_effect&quot;:{&quot;unit&quot;:&quot;px&quot;,&quot;size&quot;:&quot;&quot;,&quot;sizes&quot;:[]}}\" data-widget_type=\"button.default\">\n\t\t\t\t<div class=\"elementor-widget-container\">\n\t\t\t\t\t\t\t\t\t<div class=\"elementor-button-wrapper\">\n\t\t\t\t\t<a class=\"elementor-button elementor-button-link elementor-size-xs\" href=\"https:\/\/www.kvc-ul.cz\/index.php\/nabizime\/pro-skoly\/\">\n\t\t\t\t\t\t<span class=\"elementor-button-content-wrapper\">\n\t\t\t\t\t\t<span class=\"elementor-button-icon\">\n\t\t\t\t<i aria-hidden=\"true\" class=\"fas fa-angle-right\"><\/i>\t\t\t<\/span>\n\t\t\t\t\t\t\t\t\t<span class=\"elementor-button-text\">pro \u0161koly<\/span>\n\t\t\t\t\t<\/span>\n\t\t\t\t\t<\/a>\n\t\t\t\t<\/div>\n\t\t\t\t\t\t\t\t<\/div>\n\t\t\t\t<\/div>\n\t\t\t\t\t<\/div>\n\t\t<\/div>\n\t\t\t\t\t<\/div>\n\t\t<\/section>\n\t\t\t\t<\/div>\n\t\t","protected":false},"excerpt":{"rendered":"<p>TVO\u0158IV\u00c9 D\u00cdLNY Pro mal\u00e9 i velk\u00e9 milovn\u00edky tvo\u0159iv\u00fdch aktivit p\u0159ipravuje centrum Hn\u00edzdo pravideln\u00e1 v\u00edkendov\u00e1 tvo\u0159en\u00ed. Ka\u017ed\u00e9 dopoledne je v\u011bnovan\u00e9 jedn\u00e9\u00a0tradi\u010dn\u00ed nebo m\u00e9n\u011b zn\u00e1m\u00e9 v\u00fdtvarn\u00e9 technice, n\u00e1v\u0161t\u011bvn\u00edci si vyrob\u00ed n\u011bco zaj\u00edmav\u00e9ho&hellip;<\/p>\n","protected":false},"author":2,"featured_media":0,"parent":59,"menu_order":3,"comment_status":"closed","ping_status":"closed","template":"","meta":{"footnotes":""},"class_list":["post-1286","page","type-page","status-publish","hentry"],"_links":{"self":[{"href":"https:\/\/www.kvc-ul.cz\/index.php\/wp-json\/wp\/v2\/pages\/1286","targetHints":{"allow":["GET"]}}],"collection":[{"href":"https:\/\/www.kvc-ul.cz\/index.php\/wp-json\/wp\/v2\/pages"}],"about":[{"href":"https:\/\/www.kvc-ul.cz\/index.php\/wp-json\/wp\/v2\/types\/page"}],"author":[{"embeddable":true,"href":"https:\/\/www.kvc-ul.cz\/index.php\/wp-json\/wp\/v2\/users\/2"}],"replies":[{"embeddable":true,"href":"https:\/\/www.kvc-ul.cz\/index.php\/wp-json\/wp\/v2\/comments?post=1286"}],"version-history":[{"count":88,"href":"https:\/\/www.kvc-ul.cz\/index.php\/wp-json\/wp\/v2\/pages\/1286\/revisions"}],"predecessor-version":[{"id":2549,"href":"https:\/\/www.kvc-ul.cz\/index.php\/wp-json\/wp\/v2\/pages\/1286\/revisions\/2549"}],"up":[{"embeddable":true,"href":"https:\/\/www.kvc-ul.cz\/index.php\/wp-json\/wp\/v2\/pages\/59"}],"wp:attachment":[{"href":"https:\/\/www.kvc-ul.cz\/index.php\/wp-json\/wp\/v2\/media?parent=1286"}],"curies":[{"name":"wp","href":"https:\/\/api.w.org\/{rel}","templated":true}]}}